/10)?
2, 3
Let p(s) = 6*s**2 + 29*s + 12. Let t(w) = 5*w**2 + 29*w + 13. Let d(o) = 4*p(o) - 5*t(o). What are the prime factors of d(-10)?
173
Let t(b) = 5*b**2 + b - 2. Let m be t(-2). Suppose -m*d - 8 = -18*d. Suppose -3*g - h = -96 - 458, 4*g - 744 = -d*h. What are the prime factors of g?
2, 23
Suppose -69*c + 65*c + 245053 = f, -4*f = -4*c + 245008. List the prime factors of c.
61261
Suppose 0 = -p + 132 + 116. Suppose 5*j + 2575 = 5*c, 5*c = 2*j + 2312 + p. Suppose -3*u = 2*u - c. List the prime factors of u.
2, 3, 17
Let n = 5412 + -1444. List the prime factors of n.
2, 31
List the prime factors of 114515/37*(6 + (0 + -1)/1).
5, 619
Let p = 175 - 170. Suppose -1950 - 10 = -p*g. List the prime factors of g.
2, 7
Let y(i) = -3*i**3 - 43*i**2 + 26*i - 1. Let d = 719 - 736. What are the prime factors of y(d)?
3, 7, 89
Let n be (-13*2)/(28/(-15) + 2). List the prime factors of 2*(-5)/2 - n.
2, 5, 19
Suppose 131776 + 2794 = 5*c - x, -5*x = -4*c + 107656. List the prime factors of c.
2, 13457
Suppose 20*n - 50007 - 64041 = -2*n. What are the prime factors of n?
2, 3
Let z be ((-8)/20 - 66/(-15)) + 0. Suppose -z*t - 1085 = -3*m, -2*m = -7*t + 3*t - 730. List the prime factors of m.
5, 71
Let x be (28/5)/(18/135). Suppose x*i + 1150 = 52*i. List the prime factors of i.
5, 23
Let g = 83196 - 43242. List the prime factors of g.
2, 3, 6659
Let i(j) be the third derivative of -10*j**4 + j**3/6 - j**2 - j. List the prime factors of i(-1).
241
Let g(y) = 7*y - 7. Let i be g(4). List the prime factors of 7655/15 + (i/(-9) - -2).
2, 3, 5, 17
Let u(n) = 2*n**2 - 6*n + 11. Let i(r) = -14*r**2 + 4*r - 5. Let a be i(1). List the prime factors of u(a).
19, 29
Suppose 121*q = 223685 + 945780. List the prime factors of q.
5, 1933
Let y = 1 - 577. List the prime factors of -85*(y/(-30))/(-3).
2, 17
Let x(w) = 40*w**2 - 170*w - 235. List the prime factors of x(20).
5, 2473
Suppose 2*m - 70394 = p, 649*p + 105591 = 3*m + 655*p. What are the prime factors of m?
61, 577
Let x(l) be the third derivative of 451*l**5/30 - 3*l**4/8 + 3*l**3/2 - 23*l**2. List the prime factors of x(1).
2, 11, 41
Suppose -4*y + 5*v + 8190 = 0, 2*y - 49*v + 46*v = 4098. List the prime factors of y.
2, 3, 5, 17
Let q(v) = -v**3 - 52*v**2 - 16*v + 644. List the prime factors of q(-56).
2, 7, 503
Suppose -3*o = 3*g - 702, 4*g + 131 - 1049 = 5*o. Suppose 5*n - g = n. List the prime factors of n + (-15)/5 - -4.
59
Let n(l) = -1506*l - 294. What are the prime factors of n(-7)?
2, 3, 7, 61
Let z(b) be the third derivative of 0*b + 0 - 6*b**2 - 1/60*b**5 - 7/3*b**3 + 13/24*b**4. What are the prime factors of z(11)?
2
Suppose -119*y - 1605 = -116*y. Let u = 781 + y. What are the prime factors of u?
2, 3, 41
Let x be 0/(-1 - 1) + 174. Let c be (1/(5/(-4)))/((-4)/10). Suppose -2*l = -c*j + x, 0 = -j - l + 9 + 80. What are the prime factors of j?
2, 11
Suppose -26*m + 22*m = 3*p - 298, -3*p = 2*m - 308. Let r = p - -515. What are the prime factors of r?
3, 23
Suppose 0 = -16*h + 6*h - 240. Suppose -5*n = -j - 8, 5*j - j = n - 13. What are the prime factors of 10/(-15)*h - j?
19
Suppose 13*a - 12*a + 6 = 0. Let u be 78/2 + a + 10. Let k = 5 + u. List the prime factors of k.
2, 3
What are the prime factors of (-45)/18*10/(-25) - -392?
3, 131
Let l = -30 - -30. Suppose l = -3*u - 4*w + 20, -4*u = -u + 2*w - 10. Suppose n + u*y = -5*y + 55, n = 4*y + 10. List the prime factors of n.
2, 3, 5
Suppose -246221 = -19*f - 72618. What are the prime factors of f?
9137
Let g = -22 + 52. What are the prime factors of (-14343)/(-35)*g/9?
2, 683
Let y = -6676 + 8616. List the prime factors of y.
2, 5, 97
Suppose 3289 = 14*l + 1973. List the prime factors of l.
2, 47
Let z(q) = 473*q**2 + 218*q + 1077. What are the prime factors of z(-5)?
2, 2953
Let r(h) = -h**3 - h**2 - 4*h - 5. Let i be r(-5). Let f = 26 + i. What are the prime factors of f - 3/(-2)*80/30?
5, 29
Suppose -3*r - 462 = -5*g, 4*g - 5*r = 3*g + 88. Suppose -g = -4*u + u. Suppose 33*j - u*j - 236 = 0. What are the prime factors of j?
2, 59
Let p(v) = -8*v - 60. Let y be p(-7). List the prime factors of (42*(-16)/24)/(y/34).
2, 7, 17
Let d = 526 + -740. List the prime factors of (5 - 2)/((-3)/d).
2, 107
Let o = 254 - 119. Let u = o - -213. List the prime factors of u.
2, 3, 29
Let y(h) = -h**2 + 3*h + 6. Suppose 3*i + 3 = 12. Let w be y(i). Suppose w*x + x = 371. What are the prime factors of x?
53
What are the prime factors of -8 + 78/9 - (3 + 177384/(-9))?
3, 6569
Let o = 51364 + -21750. List the prime factors of o.
2, 13, 17, 67
Let k = 65344 - 36161. List the prime factors of k.
7, 11, 379
Let w be -2 + -562*3 - 6. Let u = -897 - w. What are the prime factors of u?
797
Suppose 8344 = 8*k + 7638 - 70670. What are the prime factors of k?
2, 3, 1487
Let d(p) = 5*p + 8. Let h be d(-1). Suppose -h*t + 61 - 160 = -3*j, -t + 107 = 3*j. What are the prime factors of j?
5, 7
Suppose -4*b - 72 = 4*j, -6 = j + 4*b - 0. List the prime factors of (4 + -50)*j/4.
11, 23
Suppose -2*d - 558 = -5*d. Suppose -4*w + 120 = 2*s, 4*s + 2*w - d = 78. Suppose -s*a + 69*a - 58 = 0. What are the prime factors of a?
2, 29
Let q be (-22880)/(-12) + 76/57. Suppose 7*d - 66 - q = 0. List the prime factors of d.
2, 3, 47
Suppose -8 = 29*x - 31*x. Let n be (-10)/(-5) - 0 - x. What are the prime factors of 0*n/4 + 62?
2, 31
Let p(q) be the first derivative of -13*q**4/4 + q**3/3 - 7. Let a be p(-1). List the prime factors of (-9 + a)*6/10.
3
Let x(t) = -t**3 - 12*t**2 + 14*t - 43. Let c be x(-14). Let l = c + -134. What are the prime factors of l?
19
Let m = -2 - -3. Let x be (29 - (0 + m)) + 4. Suppose -3*i - x = -7*i - 4*l, -19 = -3*i + 2*l. List the prime factors of i.
7
Let v = 198 - 195. Suppose -5*w - 767 = -4*m, -w + v*w = 2. List the prime factors of m.
193
Let x = -46 - -51. Suppose d = 5*i - 607, x*i + 4*d = -84 + 706. List the prime factors of i.
2, 61
Suppose 642 = -5*t - 203. Let u = -54 - t. List the prime factors of 92/u - 632/(-10).
2
Let b be (16/12)/(1*4/3156). Let d = b + -744. List the prime factors of d.
2, 7, 11
Suppose -93*a + 113*a = 943040. What are the prime factors of a?
2, 7, 421
Let u(j) = -21 - 4 + 2*j**3 - 3*j**3 - 12*j - 11*j**2. Suppose -s = s + 22. List the prime factors of u(s).
107
Suppose 5*b - 134362 = 2*u, -26*u + 30*u + 4 = 0. What are the prime factors of b?
2, 3359
Let m be (2 - 3)/(5/(25/5)). Let v(b) = -25*b**3 - 2*b**2 + b + 2. Let q be v(m). Suppose -5*f + 116 = -q. List the prime factors of f.
2, 7
Let o be 1118/78 + 1/((-3)/(-2)). Let y = -29 - o. Let v = y - -53. What are the prime factors of v?
3
What are the prime factors of 124462/16 - -6*14/672?
3, 2593
Let i(p) = -73*p**2 + 3*p - 6. Let g be i(4). Let a = g - -2221. What are the prime factors of a?
3, 353
Let v be (-670*(-34)/(-595))/((-6)/21). Suppose -4*w + 31 + 8 = b, -b - 2*w = -33. Suppose v = j - b. What are the prime factors of j?
7, 23
Suppose -5*m + 30 = -90. Suppose -m*l = -13915 + 571. What are the prime factors of l?
2, 139
Let q(x) = -3*x**2 - 14*x - 15. Let z be q(-3). Suppose z = 92*g - 95*g + 1473. List the prime factors of g.
491
Suppose 34*w - 62037 = 99735. What are the prime factors of w?
2, 3, 13, 61
Let h(o) = -111*o**3 - o**2 + 60*o + 186. What are the prime factors of h(-3)?
2, 3, 499
Suppose 6 = h + 4*o, 2*o + 3 = -3*h + 1. Let z(y) = 16*y**2 - 1. List the prime factors of z(h).
3, 7
Let w(v) = -v**3 - v**2 - v - 1. Let n(y) = 6*y**3 - 13*y**2 + 17*y + 68. Let f(z) = -n(z) - 5*w(z). What are the prime factors of f(12)?
3, 73
Let r(d) = -2*d**3 - 47*d**2 - 25*d - 37. Let t be r(-23). Let o(j) = 13*j**2 - 15*j - 5. What are the prime factors of o(t)?
11, 83
Let u(t) = 3*t**3 + t**2 - 2*t + 4. Let v be u(4). Suppose -5*m + 18*m = -5*m. Suppose m*y - 3*y = -v. What are the prime factors of y?
2, 17
Let z = -11 - -14. Suppose 2*j = h - j - 86, -z*h + 258 = -j. Suppose 518 = 9*p + h. What are the prime factors of p?
2, 3
Let x = -28 - -39. Suppose x*u + 1408 = 3*u. Let q = 272 + u. List the prime factors of q.
2, 3
Let t be 0 - (-2714 + 1 + 4). Suppose -3*l - 18*l = -t. What are the prime factors of l?
3, 43
Let a(m) = -9. Let d(s) = -s + 1. Let q(v) = a(v) + d(v). Let l be q(-10). Suppose -l*p + 7*p = 190. What are the prime factors of p?
2, 19
Suppose 0 = 